s the remainder when 3451 is divided by 3444?
7
Calculate the remainder when 45 is divided by 15.
0
What is the remainder when 101 is divided by 21?
17
What is the remainder when 448 is divided by 24?
16
Calculate the remainder when 1538 is divided by 27.
26
What is the remainder when 1317 is divided by 12?
9
Calculate the remainder when 1783 is divided by 17.
15
What is the remainder when 201 is divided by 34?
31
Calculate the remainder when 49 is divided by 25.
24
What is the remainder when 12237 is divided by 58?
57
Calculate the remainder when 232 is divided by 44.
12
Calculate the remainder when 303 is divided by 79.
66
Calculate the remainder when 7074 is divided by 191.
7
Calculate the remainder when 778 is divided by 29.
24
What is the remainder when 163 is divided by 90?
73
Calculate the remainder when 1888 is divided by 625.
13
Calculate the remainder when 347 is divided by 50.
47
Calculate the remainder when 728 is divided by 628.
100
What is the remainder when 360 is divided by 7?
3
What is the remainder when 205 is divided by 115?
90
What is the remainder when 138 is divided by 47?
44
Calculate the remainder when 367 is divided by 41.
39
What is the remainder when 798 is divided by 17?
16
Calculate the remainder when 569 is divided by 11.
8
What is the remainder when 989 is divided by 246?
5
Calculate the remainder when 1904 is divided by 898.
108
Calculate the remainder when 25762 is divided by 38.
36
What is the remainder when 66 is divided by 13?
1
What is the remainder when 202 is divided by 2?
0
What is the remainder when 226 is divided by 61?
43
What is the remainder when 208 is divided by 117?
91
Calculate the remainder when 737 is divided by 179.
21
What is the remainder when 33 is divided by 4?
1
Calculate the remainder when 464 is divided by 62.
30
Calculate the remainder when 897 is divided by 60.
57
What is the remainder when 274 is divided by 3?
1
Calculate the remainder when 186 is divided by 47.
45
Calculate the remainder when 142 is divided by 24.
22
Calculate the remainder when 852 is divided by 255.
87
Calculate the remainder when 3357 is divided by 48.
45
What is the remainder when 8 is divided by 1?
0
Calculate the remainder when 187 is divided by 11.
0
Calculate the remainder when 274 is divided by 32.
18
Calculate the remainder when 2450 is divided by 483.
35
What is the remainder when 207 is divided by 8?
7
What is the remainder when 58 is divided by 34?
24
Calculate the remainder when 1276 is divided by 68.
52
What is the remainder when 1319 is divided by 60?
59
What is the remainder when 2027 is divided by 35?
32
What is the remainder when 117 is divided by 33?
18
Calculate the remainder when 963 is divided by 158.
15
Calculate the remainder when 34 is divided by 13.
8
What is the remainder when 560 is divided by 46?
8
Calculate the remainder when 5848 is divided by 39.
37
Calculate the remainder when 413 is divided by 28.
21
Calculate the remainder when 2211 is divided by 9.
6
Calculate the remainder when 1341 is divided by 398.
147
Calculate the remainder when 154 is divided by 85.
69
What is the remainder when 16223 is divided by 122?
119
What is the remainder when 104 is divided by 42?
20
Calculate the remainder when 17736 is divided by 98.
96
What is the remainder when 748 is divided by 107?
106
What is the remainder when 58 is divided by 22?
14
Calculate the remainder when 53 is divided by 9.
8
Calculate the remainder when 202 is divided by 17.
15
What is the remainder when 8341 is divided by 97?
96
Calculate the remainder when 221 is divided by 4.
1
What is the remainder when 207 is divided by 72?
63
What is the remainder when 401 is divided by 58?
53
What is the remainder when 1299 is divided by 93?
90
Calculate the remainder when 1151 is divided by 123.
44
What is the remainder when 1598 is divided by 41?
40
What is the remainder when 354 is divided by 90?
84
Calculate the remainder when 28 is divided by 21.
7
Calculate the remainder when 337 is divided by 127.
83
What is the remainder when 17944 is divided by 9?
7
What is the remainder when 129 is divided by 4?
1
Calculate the remainder when 62 is divided by 20.
2
What is the remainder when 46 is divided by 27?
19
Calculate the remainder when 7796 is divided by 26.
22
Calculate the remainder when 85 is divided by 23.
16
Calculate the remainder when 1305 is divided by 145.
0
Calculate the remainder when 34 is divided by 14.
6
What is the remainder when 1129 is divided by 126?
121
Calculate the remainder when 1221 is divided by 24.
21
What is the remainder when 534 is divided by 67?
65
What is the remainder when 737 is divided by 365?
7
What is the remainder when 155 is divided by 64?
27
Calculate the remainder when 296 is divided by 34.
24
What is the remainder when 174 is divided by 8?
6
Calculate the remainder when 1176 is divided by 27.
15
Calculate the remainder when 944 is divided by 24.
8
Calculate the remainder when 599 is divided by 19.
10
Calculate the remainder when 300 is divided by 20.
0
Calculate the remainder when 113 is divided by 39.
35
What is the remainder when 362 is divided by 157?
48
Calculate the remainder when 477 is divided by 17.
1
What is the remainder when 265 is divided by 136?
129
Calculate the remainder when 56 is divided by 32.
24
Calculate the remainder when 773 is divided by 110.
3
What is the remainder when 522 is divided by 15?
12
What is the remainder when 142 is divided by 18?
16
Calculate the remainder when 118 is divided by 10.
8
What is the remainder when 536 is divided by 90?
86
Calculate the remainder when 205 is divided by 57.
34
What is the remainder when 498 is divided by 498?
0
Calculate the remainder when 453 is divided by 439.
14
Calculate the remainder when 509 is divided by 47.
39
Calculate the remainder when 387 is divided by 367.
20
What is the remainder when 525 is divided by 11?
8
Calculate the remainder when 421 is divided by 85.
81
What is the remainder when 6774 is divided by 21?
12
What is the remainder when 363 is divided by 48?
27
Calculate the remainder when 5867 is divided by 9.
8
What is the remainder when 45 is divided by 34?
11
What is the remainder when 461 is divided by 93?
89
Calculate the remainder when 492 is divided by 13.
11
What is the remainder when 655 is divided by 82?
81
Calculate the remainder when 2414 is divided by 25.
14
What is the remainder when 1332 is divided by 33?
12
Calculate the remainder when 317 is divided by 146.
25
Calculate the remainder when 405 is divided by 7.
6
What is the remainder when 122 is divided by 7?
3
Calculate the remainder when 167 is divided by 7.
6
Calculate the remainder when 441 is divided by 89.
85
What is the remainder when 262 is divided by 22?
20
Calculate the remainder when 26 is divided by 8.
2
What is the remainder when 21273 is divided by 115?
113
What is the remainder when 943 is divided by 235?
3
Calculate the remainder when 1639 is divided by 20.
19
Calculate the remainder when 23 is divided by 5.
3
Calculate the remainder when 496 is divided by 127.
115
What is the remainder when 1170 is divided by 330?
180
Calculate the remainder when 681 is divided by 76.
73
What is the remainder when 53 is divided by 2?
1
What is the remainder when 1141 is divided by 14?
7
Calculate the remainder when 13472 is divided by 49.
46
Calculate the remainder when 5597 is divided by 175.
172
Calculate the remainder when 867 is divided by 15.
12
What is the remainder when 64 is divided by 17?
13
What is the remainder when 104 is divided by 9?
5
What is the remainder when 201 is divided by 106?
95
Calculate the remainder when 1218 is divided by 247.
230
Calculate the remainder when 4719 is divided by 16.
15
What is the remainder when 370 is divided by 27?
19
What is the remainder when 1721 is divided by 248?
233
Calculate the remainder when 208 is divided by 108.
100
What is the remainder when 12 is divided by 9?
3
Calculate the remainder when 81 is divided by 42.
39
Calculate the remainder when 39642 is divided by 9.
6
Calculate the remainder when 188 is divided by 180.
8
Calculate the remainder when 486 is divided by 21.
3
What is the remainder when 1652 is divided by 331?
328
What is the remainder when 173 is divided by 92?
81
What is the r